 3*y + i = -w - o, y - 31 = -4*w. List the prime factors of w.
3
Let a(z) = z. Let o(y) = y**2 + 6*y + 1. Let n(l) = 5*a(l) - o(l). Let v(u) be the first derivative of n(u). What are the prime factors of v(-5)?
3
Suppose 0 = -0*y + y - u - 14, -5*u = -4*y + 53. What are the prime factors of y?
17
Let n = -16 - -16. Suppose n = -5*s - 3 + 43. List the prime factors of s.
2
Suppose -45 - 39 = 4*x + 4*f, -2*x - 39 = f. Let u = x + 37. What are the prime factors of u?
19
Let n = -1 + 6. Suppose 2*k = n*p + 57, 3*k - 42 - 36 = 5*p. List the prime factors of k.
3, 7
Let h(u) = u + 2. Let m be h(3). Suppose m = o - 2*x - 5, -4*x = -o + 10. What are the prime factors of o?
2, 5
Suppose -2*t + 12 = 2*c, -c + 2 = t + 2*t. List the prime factors of c.
2
Let u(j) = -j**3 - 5*j**2 + 6*j + 6. List the prime factors of u(-7).
2, 31
Let u(k) = -k**3 - 18*k**2 + 16*k - 14. List the prime factors of u(-19).
43
Suppose -h - 5*s - 164 = -5*h, -s - 4 = 0. List the prime factors of h.
2, 3
Suppose 5*g - 9 = 2*g. Suppose g*q = 26 + 31. List the prime factors of q.
19
Let v = 80 - 41. Suppose 0 = -0*h - 3*h + v. List the prime factors of h.
13
Let k = 6 + -6. Suppose 0 = -h - 2*i - 5 + 31, 2*h - 2*i - 22 = k. What are the prime factors of h?
2
Let d = 34 - 30. List the prime factors of d.
2
Let h(i) = -i**3 - 9*i**2 + 10*i. Let q be h(-10). Suppose 3*u + u - 2*t + 34 = q, -3*u = t + 13. Let o = 8 + u. List the prime factors of o.
2
Let m = -8 + 3. Let p = -8 - m. What are the prime factors of 1*(7*-3)/p?
7
Let j be (-9)/(-11) + (-12)/(-66). Let a be j/(-1) + 0 - -2. Suppose -l + a + 6 = 0. List the prime factors of l.
7
Let d = 19 + -27. Let r be (-106)/d - (-3)/4. Suppose -5*n + r + 46 = 0. What are the prime factors of n?
2, 3
Let c be (-5 - 1/(-1))*-1. Suppose -5*a + c*a = -16. What are the prime factors of a?
2
Suppose 3*n - 62 = -c, 0*c - 4*n - 264 = -4*c. What are the prime factors of c?
5, 13
Let r(g) = -g**3 - 8*g**2 + 9. Let a(t) = 2*t. Let i be a(-4). Let c be r(i). Suppose 5*o - c = 1. What are the prime factors of o?
2
Suppose -3*r + r + a + 12 = 0, -2*r - 5*a - 12 = 0. Suppose -4*m + r + 12 = 0. List the prime factors of m.
2
Let g = -33 - -120. List the prime factors of g.
3, 29
Let w(y) be the third derivative of y**5/60 - 2*y**3 + y**2. Let j(k) = k**2 - 13. Let b(u) = -6*j(u) + 5*w(u). List the prime factors of b(0).
2, 3
Let i = -6 - -10. Let t(w) be the second derivative of w**3/3 + 5*w**2/2 + w. List the prime factors of t(i).
13
Let j = -16 + 101. What are the prime factors of j?
5, 17
Let h = -25 - -70. Suppose 10*a + h = 5*a. Let v(u) = -u - 5. List the prime factors of v(a).
2
Suppose 209 - 14 = 5*c. List the prime factors of c.
3, 13
Let t = 228 + -116. What are the prime factors of t?
2, 7
Let a(d) = d**2 - 6*d + 6. List the prime factors of a(6).
2, 3
Let k(u) = -u**3 - 3*u**2 - 3*u + 4. What are the prime factors of k(-4)?
2
Let z(c) = -2*c - 2. Let f(g) = g**2 + 7*g + 2. Let j be f(-6). Let u = -7 - j. What are the prime factors of z(u)?
2
Let z = -27 + 18. List the prime factors of (42/z)/((-8)/12).
7
List the prime factors of 14 - 2/5*5.
2, 3
Suppose -6*y = -y. Suppose y = -x + 5 - 2. What are the prime factors of x?
3
Suppose 2 = 3*y - y. Let f be y - 17*(0 - 1). Suppose -2*c + f = -0*c. List the prime factors of c.
3
Suppose -3*h - 4*u = -2*u - 57, 3*h = -5*u + 57. Suppose -3*z + h = -5. List the prime factors of z.
2
Let d(f) = -2 - 2 - 4*f - 3*f + 2*f - f**2. Let w be d(-4). Suppose 2*s + 2*s - 32 = w. List the prime factors of s.
2
Let z(y) = -y**2 + 3*y + 2. Let t be z(2). Suppose -2*m + 2*f = -6*m - t, -4*f = 4*m. List the prime factors of 8 + (m - (1 + -3)).
2
Suppose -4*l + 3*l + 1 = 0. Let g be l*-1*(2 + -3). What are the prime factors of 9 - (1 - 1/g)?
3
Let l(v) = v**3 + 9*v**2 - 2*v + 13. List the prime factors of l(-9).
31
Let a = -2 + 5. Let u = a + -1. List the prime factors of u + -1 - (1 + -6).
2, 3
Suppose -390 = -5*t - 0*t. Let c = t + -43. Suppose 3*u + 5*m - 55 = 0, -c = -2*u - 4*m + m. What are the prime factors of u?
2, 5
Suppose -131 = -5*d - 4*h + 6*h, -3*d + 75 = -3*h. Suppose -m + 2*a + d = 10, 0 = -2*m + 5*a + 37. List the prime factors of m.
11
Let v(g) be the first derivative of -g**2/2 + 3*g - 2. Let t be v(0). Suppose 4*n - t*x = 74, 3*x + 0*x + 57 = 3*n. List the prime factors of n.
17
Let f(c) = -c**3 - 12*c**2 - 11*c - 7. Let z be f(-11). Let v(a) = a**3 + 6*a**2 - 9*a - 8. What are the prime factors of v(z)?
2, 3
Let f(i) = -5*i + i + 1 + 0. Let t be f(-1). Suppose -t*s + 5*n = 6 + 4, s + n - 8 = 0. List the prime factors of s.
3
Let q = -14 + 10. Let a be (-12)/(-9) - q/6. Suppose -r = -a*r + 4. What are the prime factors of r?
2
Let j(h) = -h - 1. Let g be j(-1). Let u(a) = 4 - 5*a - a + g - a**2. What are the prime factors of u(-6)?
2
Suppose 0 = 5*f + b - 8, 1 + 3 = -f - 3*b. What are the prime factors of f?
2
Let z(m) = -9*m**3 + 1. Let c be z(-1). Let r = -5 + c. What are the prime factors of r?
5
Let b(y) = 3*y - 4. Let s be b(2). Suppose -s*k - 6 = -20. List the prime factors of k.
7
Let n(m) = m**2 + 25. What are the prime factors of n(8)?
89
Let z be 3/2*40/15. Let h(c) = -c**3 + 7*c**2 - 6*c + 2. List the prime factors of h(z).
2, 13
List the prime factors of 24/9*2370/20.
2, 79
Suppose -4*n = 8, n + 12 = 4*i + 2. Suppose -3*f - i*f - 2*b = -15, 5*b = 0. Suppose f*p + 1 - 7 = 0. List the prime factors of p.
2
Suppose d + 1 = 3. List the prime factors of 3 - 6*(-3)/d.
2, 3
Let w = 17 + -1. List the prime factors of 9/(-6*(-1)/w).
2, 3
Suppose 0 = 6*f - 11*f + 375. List the prime factors of f.
3, 5
Let d = 135 - 46. What are the prime factors of d?
89
What are the prime factors of -4*2*(-108)/24?
2, 3
Let r(v) = -13*v**2 - 2*v - 1. Let u be r(-1). Let o be u*(0 - (-3)/(-12)). Suppose o*d - 13 = 38. List the prime factors of d.
17
Suppose -2*t = -4*t + 8. Let m = t + -2. Suppose 5*g - 5*s = 0, -m*g = 2*s - 4 - 16. What are the prime factors of g?
5
Let b(x) = -x**2 - 12*x - 6. Let w(j) = -3*j**2 - 35*j - 18. Let v(h) = -17*b(h) + 6*w(h). Let i be v(-6). Let n = i - -11. What are the prime factors of n?
5
Let y = -11 - -99. List the prime factors of y.
2, 11
Let u(w) be the third derivative of w**6/120 - w**5/20 - w**4/8 + w**3/2 - w**2. Let n = 15 + -11. What are the prime factors of u(n)?
7
Suppose -3*i + 1 + 11 = 0. Let b = i + -2. List the prime factors of 2 - (-3 + b)*9.
11
Suppose -s + 75 = -5*z, 0*s + s = z + 15. Let m = z + 30. What are the prime factors of m?
3, 5
Suppose 43 = 3*r - 32. What are the prime factors of r?
5
Suppose 0*u = -4*u - 4, -q + 49 = -5*u. List the prime factors of q.
2, 11
Suppose z = -2*z + 6. Suppose 0*n - z*n + 74 = 0. What are the prime factors of n?
37
Let n(j) = -j**3 + 5*j**2 + 6*j + 5. Let i(p) = -p**3 + 9*p**2 + p - 13. Let c be i(9). Let q = 10 + c. What are the prime factors of n(q)?
5
Suppose 4 = d + 2*z - 7*z, 0 = 4*d + 2*z + 28. Let g(n) = -n + 2. List the prime factors of g(d).
2
Suppose 0*z + z + 22 = 0. Let o = -10 - z. What are the prime factors of o?
2, 3
Let g be (4/(-12))/((-3)/(-9)). Let f = g - -22. List the prime factors of f.
3, 7
List the prime factors of ((-65)/(-10))/((-1)/(-14)).
7, 13
Suppose -6 = 2*z + 4*m, 5*z - 7*m = -4*m + 37. What are the prime factors of z?
5
Let g(c) = -3 + c + 5*c + c**2 - 2. Suppose -4*y - i - 8 - 20 = 0, 0 = 3*y - 4*i + 21. List the prime factors of g(y).
2
Let q(c) = -5*c**2 + 4*c - 14. Let u be q(3). Suppose 18 = -3*k + 4*l - 51, -4*k - 93 = -5*l. Let z = k - u. List the prime factors of z.
2, 5
Suppose 0 = -5*h + 15, 4*v + 4*h + 3 = 23. Suppose v = 5*l - 33. List the prime factors of l.
7
List the prime factors of 2 - ((2 - 4) + 2).
2
Let z = 20 - -22. Suppose 3*y - 5*y + z = 0. What are the prime factors of y?
3, 7
Let d(x) = x**3 - 3*x + 1. Let k be 8/(-6)*(-6)/4. Let q be d(k). Suppose 26 = q*i + 5. What are the prime factors of i?
7
Let j = -3 - -8. Suppose 5*b = -j*r - 25, 1 = 3*b - 2*r + 6. What are the prime factors of b*((1 - -2) + -10)?
3, 7
Suppose 0 = 5*p - 6 - 39. List the prime factors of (p/(-6))/((-6)/8).
2
Let d(u) = u**2 - 2*u + 23. List the prime factors of d(0).
23
Let u = 17 + 15. Suppose g + 2*g - u = 2*m, 2*g - 24 = 4*m. List the prime factors of g.
2, 5
Suppose 0 = 4*u - 0*d -